ate j(3).
188
Let o(n) = -29*n**3 - 68*n**2 - 2*n - 12. Determine o(-4).
764
Let z(q) = -3*q**3 + 9*q**2 + 13*q - 19. Determine z(6).
-265
Let w(o) = 2*o**2 + 57*o - 1025. Determine w(17).
522
Let k(d) = 2*d**2 - 295*d + 1011. Give k(140).
-1089
Let v(f) = 6436*f - 12969. Give v(2).
-97
Let x(h) = -14*h**3 - 137*h**2 - 214*h + 116. Determine x(-2).
108
Let i(h) = -h**3 + 20*h**2 + 216*h - 1542. Calculate i(26).
18
Let u(o) = -o**3 + 57*o**2 - 12*o + 2695. What is u(58)?
-1365
Let m(w) = 11*w**2 - 419*w - 1874. Give m(-4).
-22
Let t(o) = -841*o**3 + 14*o**2 - 29*o + 16. What is t(1)?
-840
Let t(z) = 2516*z - 128851. What is t(51)?
-535
Let g(k) = 13*k**3 - 9*k**2 + 34*k + 98. Determine g(-2).
-110
Let s(y) = -2285*y**2 - 6850*y - 4. What is s(-3)?
-19
Let u(f) = 550*f**2 - 20895*f - 186. Determine u(38).
4
Let n(k) = 11*k**3 - 873*k**2 + 319*k - 237. Determine n(79).
0
Let p(h) = -4071*h - 240198. Determine p(-59).
-9
Let k(l) = -9*l**3 + 490*l**2 - 695*l + 320. What is k(53)?
2
Let i(p) = -9*p**3 + 32*p**2 - 124*p + 750. Calculate i(5).
-195
Let t(j) = j**2 - 1129*j + 26687. Calculate t(24).
167
Let c(g) = -64*g**3 + 21*g**2 + 94*g + 57. What is c(-3)?
1692
Let u(x) = 11*x**2 - 1139*x + 468. Give u(104).
988
Let y(q) = 2*q**3 - 133*q**2 - 12849*q + 959. Determine y(120).
-121
Let s(x) = -x**2 + 196*x + 31339. Determine s(-105).
-266
Let m(s) = -99*s**2 + 917*s - 106. Give m(9).
128
Let a(l) = 137*l**2 - 834*l - 87. Calculate a(6).
-159
Let t(l) = 201*l**3 + 1004*l**2 - 33*l - 160. Calculate t(-5).
-20
Let v(n) = 5*n - 18. What is v(5)?
7
Let k(m) = -m**3 - 40*m**2 - 366*m + 280. Calculate k(-24).
-152
Let c(q) = 2*q**2 + 8066*q - 64585. Calculate c(8).
71
Let x(i) = -i**3 + 117*i**2 - 1071*i + 115. Determine x(107).
8
Let s(l) = 137*l**2 - 257*l + 116. Determine s(1).
-4
Let p(z) = -115*z**2 - 18124*z + 120708. Give p(-164).
4
Let v(w) = 7*w**3 - 10*w**2 - 20610*w - 20600. Give v(-1).
-7
Let n(y) = -4*y**3 - 61*y**2 - 2*y - 1859. Calculate n(0).
-1859
Let l(a) = 2028*a - 70173. Calculate l(35).
807
Let d(t) = -10*t**2 + 3455*t + 13678. Give d(349).
1463
Let x(z) = -1044*z + 52126. Determine x(50).
-74
Let m(v) = -6903*v + 158718. Calculate m(23).
-51
Let i(v) = -5331*v - 5192381. What is i(-974)?
13
Let f(d) = -17*d**3 + 18*d**2 - 17*d - 14. Calculate f(-4).
1430
Let j(o) = -o**3 - 61*o**2 - 267*o + 12322. What is j(-51)?
-71
Let a(m) = m**3 - 590*m + 295. Give a(24).
-41
Let q(i) = -i**2 - 35*i - 118. Calculate q(12).
-682
Let w(f) = -f**2 + 477*f + 9424. Determine w(-19).
0
Let p(w) = 2*w**2 - 1033*w - 11350. Give p(-11).
255
Let i(f) = -4*f**3 - 75*f**2 - 321*f - 6445. Give i(-19).
15
Let y(b) = 12*b**2 - 9024*b - 54585. What is y(-6)?
-9
Let f(a) = -a**3 - 30*a**2 + 4149*a + 121308. What is f(-29)?
146
Let m(y) = -y**3 + 168*y**2 + 2472*y + 13822. What is m(182)?
-10
Let y(c) = -15349*c + 168873. What is y(11)?
34
Let w(r) = 3*r**2 + 4820*r + 52757. Calculate w(-11).
100
Let y(c) = -309*c**2 - 8341*c + 55. What is y(-27)?
1
Let p(s) = -283*s + 53. What is p(-11)?
3166
Let i(y) = 31*y**3 - 2019*y**2 + 219*y + 2684. Give i(65).
19
Let g(a) = a**3 + 65*a**2 + 133*a + 1143. Give g(-63).
702
Let i(q) = 4439*q + 426143. Determine i(-96).
-1
Let h(n) = -26*n**3 - 859*n**2 - 31*n - 109. Give h(-33).
-175
Let m(n) = 11*n**3 - 128*n**2 + 379*n - 42. What is m(6)?
0
Let g(l) = -323*l + 26076. Calculate g(82).
-410
Let u(o) = 2*o**2 + 3460*o + 1444621. Determine u(-1026).
13
Let d(s) = 2*s**3 - 69*s**2 - 75*s - 201. Determine d(35).
-1601
Let i(j) = -36*j**2 + 1867*j + 12464. Give i(-6).
-34
Let y(m) = 4212*m - 10399427. What is y(2469)?
1
Let y(b) = b**2 - 132*b + 1736. Give y(14).
84
Let i(m) = -9807*m - 48973. Give i(-5).
62
Let u(r) = 198883*r + 1193274. Calculate u(-6).
-24
Let q(o) = -o**3 - 36*o**2 - 360*o - 173. What is q(-19)?
530
Let d(a) = 35*a**3 + 3777*a**2 - 322*a + 180. What is d(-108)?
-36
Let p(b) = 6*b**3 - 22*b**2 - 130*b + 449. What is p(5)?
-1
Let g(m) = -16002*m + 160073. What is g(10)?
53
Let u(m) = 3333*m + 1603168. Give u(-481).
-5
Let t(m) = -7*m**2 + 10070*m + 302411. Calculate t(1468).
3
Let m(q) = 82*q**2 + 9*q + 11. What is m(-1)?
84
Let h(r) = -21482*r - 13. Calculate h(0).
-13
Let r(z) = -2*z**2 + 4916*z - 19678. What is r(4)?
-46
Let v(k) = 3*k**3 - 446*k**2 + 310*k - 2142. What is v(148)?
-70
Let b(s) = -s**2 - 1213*s - 24155. What is b(-20)?
-295
Let n(r) = -33*r**3 + 19236*r**2 + 1743*r + 3442. Calculate n(583).
-56
Let y(i) = 3063*i + 23867. What is y(-8)?
-637
Let o(h) = -5*h**2 - 313*h - 1050. Determine o(-59).
12
Let x(s) = -30*s**3 + 975*s**2 - 481*s + 23. Calculate x(32).
-9
Let y(p) = -1673*p - 4236. What is y(-2)?
-890
Let k(d) = d**3 + 40*d**2 + 197*d + 718. What is k(-35)?
-52
Let a(q) = 12*q**2 + 5877*q + 35261. Calculate a(-6).
431
Let o(w) = 14772*w - 590888. Calculate o(40).
-8
Let w(d) = 79*d**3 - 790*d**2 + 142*d - 1441. Determine w(10).
-21
Let t(i) = 2*i**3 - 132*i**2 + 1374*i + 426. What is t(53)?
214
Let w(u) = 2*u**2 + 1217*u - 206024. What is w(138)?
10
Let m(z) = -916*z - 13512. What is m(-15)?
228
Let q(j) = -33260*j + 66532. Calculate q(2).
12
Let i(a) = -31*a**2 + 55761*a - 111513. Give i(2).
-115
Let y(c) = -25565*c - 358090. What is y(-14)?
-180
Let z(s) = -s**3 - 45*s**2 + 356*s - 443. Determine z(-52).
-27
Let n(w) = 933*w - 42919. What is n(46)?
-1
Let f(w) = -50499*w - 51086. Give f(-1).
-587
Let m(d) = -d**3 + 160*d**2 - 126*d + 19945. Calculate m(160).
-215
Let r(x) = 2*x**3 - 1180*x**2 + 6974*x + 19838. Determine r(584).
-18
Let c(u) = 6*u**3 - 111*u**2 - 348*u + 3390. What is c(20)?
30
Let o(a) = -713983*a + 2855936. Give o(4).
4
Let u(r) = 4737*r - 18. What is u(0)?
-18
Let s(z) = 75*z**2 - 686*z - 1370. Calculate s(-2).
302
Let z(d) = -35280*d + 34893. Determine z(1).
-387
Let u(b) = 64*b**2 + 133*b + 107. Determine u(-5).
1042
Let c(p) = 450*p**2 - 5402*p + 16. Determine c(12).
-8
Let r(y) = -4484*y + 67284. Calculate r(15).
24
Let h(l) = 3237*l + 29878. What is h(-9)?
745
Let m(c) = -5*c**2 + 1896*c - 17021. Calculate m(370).
-1
Let a(p) = -p**3 - 357*p**2 - 862*p + 70795. What is a(-354)?
-5
Let z(p) = 8064*p - 80758. Calculate z(10).
-118
Let l(c) = 39*c**3 + 5*c**2 - 6*c - 28. Calculate l(-3).
-1018
Let b(k) = k**2 - 95*k - 224. Determine b(9).
-998
Let t(l) = 4*l**2 + 83*l - 1703. Give t(-33).
-86
Let b(y) = 6*y**2 - 79*y + 257. Determine b(6).
-1
Let h(z) = -591*z + 2154. Calculate h(2).
972
Let j(m) = m**3 - 180*m**2 + 258*m + 17063. What is j(178)?
-381
Let n(g) = 11921*g**2 + 23843*g + 1. Give n(-2).
-1
Let a(i) = -30661*i - 1349092. What is a(-44)?
-8
Let c(t) = 32*t - 1911. Determine c(56).
-119
Let w(g) = -171*g**2 + 19503*g - 1050. Give w(114).
-24
Let v(z) = -3*z**2 + 1830*z + 1713591. Give v(-510).
-9
Let p(d) = 600*d**2 - 12*d + 42. Calculate p(0).
42
Let b(v) = -v**3 + 7*v**2 + 385*v + 325. Calculate b(-16).
53
Let q(h) = 10*h**2 + 5507*h + 63074. Determine q(-539).
11
Let k(v) = 223151*v - 446315. Give k(2).
-13
Let q(f) = -f**3 + 21*f**2 - 17*f + 72. Calculate q(22).
-786
Let x(t) = t**3 + 40*t**2 + 1824*t + 69614. Calculate x(-39).
-1
Let o(m) = m**3 + 2*m**2 - 52*m + 91. Determine o(5).
6
Let k(i) = -30*i**3 - 4501*i**2 - 166*i - 2324. Calculate k(-150).
76
Let k(p) = -92385*p - 1662934. Determine k(-18).
-4
Let c(g) = g**2 + 140950*g + 1268472. Give c(-9).
3
Let l(b) = 697*b - 12974. Determine l(19).
269
Let m(c) = -17013*c - 561438. Give m(-33).
-9
Let y(b) = -17*b**3 + 156*b**2 - 35*b + 112. Calculate y(9).
40
Let f(i) = 16*i**2 + 231*i + 631. Calculate f(-7).
-202
Let g(j) = 101221*j - 1012154. Determine g(10).
56
Let z(b) = -22*b**2 + 814*b - 47. What is z(37)?
-47
Let f(m) = 4*m**2 + 1358*m + 22373. Determine f(-17).
443
Let n(k) = -4179*k + 25263. What is n(6)?
189
Let m(j) = 16044*j - 3625924. What is m(226)?
20
Let z(y) = -244*y - 15091. Give z(-62).
37
Let s(c) = 769*c + 232452. Determine s(-302).
214
Let w(s) = 4*s**3 + 15*s**2 - 74*s + 54. What is w(5)?
559
Let c(r) = -r**3 - 13*r**2 - 312*r - 5056. Calculate c(-16).
704
Let l(s) = 2703*s**2 + 335210*s + 4711. Give l(-124).
-1
Let l(p) = 2*p**3 + 265*p**2 + 408*p + 1835. Determine l(-131).
-130
Let w(v) = v**2 - 11863*v + 319567. Calculate w(27).
-5
Let t(y) = -1245*y - 58536. Give t(-47).
